670 and 20?
10
Calculate the highest common divisor of 2600 and 1170.
130
What is the greatest common factor of 135 and 119205?
135
What is the highest common divisor of 322 and 1242?
46
What is the greatest common divisor of 5 and 27?
1
Calculate the greatest common factor of 682 and 62.
62
What is the highest common factor of 4 and 548?
4
Calculate the highest common factor of 259 and 37.
37
Calculate the highest common factor of 1680 and 945.
105
What is the greatest common divisor of 16 and 27760?
16
What is the greatest common factor of 30 and 18?
6
What is the greatest common divisor of 85 and 289?
17
Calculate the highest common factor of 663 and 51.
51
What is the greatest common divisor of 425 and 3655?
85
Calculate the greatest common factor of 294 and 504.
42
Calculate the greatest common factor of 770 and 11.
11
Calculate the highest common factor of 2717 and 286.
143
Calculate the greatest common divisor of 1476 and 36.
36
What is the greatest common factor of 33 and 39?
3
What is the greatest common factor of 20 and 160?
20
Calculate the greatest common divisor of 168 and 96.
24
What is the greatest common factor of 522 and 18?
18
Calculate the greatest common factor of 134 and 1273.
67
What is the greatest common divisor of 3 and 1077?
3
Calculate the greatest common factor of 322 and 3358.
46
Calculate the highest common factor of 31 and 961.
31
Calculate the greatest common divisor of 99 and 4257.
99
What is the highest common divisor of 814 and 11?
11
Calculate the highest common factor of 2672 and 501.
167
Calculate the greatest common factor of 4600 and 400.
200
What is the highest common divisor of 325 and 91?
13
What is the highest common divisor of 16 and 200?
8
What is the greatest common divisor of 30200 and 20?
20
What is the highest common factor of 9 and 17?
1
What is the greatest common factor of 666 and 296?
74
What is the greatest common divisor of 2592 and 486?
162
Calculate the greatest common factor of 3 and 158.
1
Calculate the highest common factor of 90 and 6606.
18
What is the highest common factor of 10 and 10?
10
What is the highest common divisor of 9 and 22662?
9
Calculate the greatest common divisor of 169 and 26.
13
Calculate the greatest common divisor of 5 and 95.
5
Calculate the highest common divisor of 3509 and 58.
29
Calculate the greatest common factor of 114 and 66.
6
Calculate the greatest common factor of 30 and 2805.
15
What is the highest common factor of 148 and 8?
4
What is the highest common factor of 6 and 590?
2
What is the highest common factor of 646 and 19703?
323
What is the greatest common factor of 684 and 180?
36
What is the highest common divisor of 176 and 88?
88
Calculate the highest common factor of 114 and 38.
38
What is the highest common factor of 1127 and 539?
49
What is the highest common divisor of 72 and 9228?
12
What is the highest common divisor of 91 and 689?
13
Calculate the greatest common divisor of 880 and 128.
16
What is the greatest common divisor of 255 and 2975?
85
Calculate the greatest common factor of 272 and 32.
16
What is the greatest common factor of 92 and 4?
4
What is the highest common factor of 559 and 1027?
13
What is the highest common factor of 2214 and 82?
82
Calculate the greatest common divisor of 39 and 3.
3
Calculate the greatest common divisor of 50 and 350.
50
Calculate the highest common divisor of 2792 and 4.
4
What is the greatest common divisor of 154 and 1022?
14
Calculate the highest common divisor of 999 and 7881.
111
What is the highest common divisor of 30 and 1920?
30
What is the greatest common divisor of 368 and 276?
92
Calculate the greatest common factor of 170 and 1836.
34
What is the greatest common divisor of 8184 and 726?
66
What is the greatest common divisor of 20 and 3320?
20
Calculate the greatest common factor of 21 and 12.
3
What is the greatest common factor of 17 and 31909?
17
What is the greatest common factor of 16 and 176?
16
What is the greatest common factor of 62227 and 11?
11
Calculate the highest common factor of 13 and 71539.
13
Calculate the greatest common divisor of 1056 and 8.
8
What is the greatest common divisor of 65 and 95?
5
Calculate the highest common factor of 156 and 884.
52
What is the greatest common factor of 480 and 60?
60
Calculate the highest common divisor of 924 and 3300.
132
What is the greatest common divisor of 328 and 369?
41
What is the highest common factor of 128 and 56?
8
Calculate the greatest common divisor of 42 and 1764.
42
What is the greatest common factor of 6804 and 126?
126
What is the greatest common divisor of 34 and 697?
17
What is the greatest common factor of 19346 and 34?
34
What is the greatest common factor of 14 and 4886?
14
Calculate the highest common divisor of 1440 and 2736.
144
What is the highest common factor of 28 and 476?
28
Calculate the highest common divisor of 14895 and 45.
45
What is the greatest common factor of 150 and 30?
30
Calculate the highest common divisor of 67 and 1675.
67
What is the highest common factor of 550 and 55?
55
What is the greatest common factor of 69 and 1081?
23
What is the greatest common factor of 335 and 603?
67
What is the greatest common divisor of 4 and 26?
2
Calculate the greatest common factor of 133 and 28.
7
Calculate the greatest common divisor of 852 and 1491.
213
Calculate the highest common factor of 2380 and 210.
70
Calculate the highest common divisor of 18 and 156.
6
Calculate the greatest common divisor of 15 and 345.
15
Calculate the greatest common divisor of 18 and 369.
9
What is the greatest common factor of 26 and 2?
2
What is the highest common divisor of 284 and 12?
4
Calculate the greatest common divisor of 295 and 3776.
59
What is the greatest common divisor of 8 and 44?
4
What is the greatest common divisor of 105 and 240?
15
What is the highest common factor of 437 and 323?
19
What is the highest common divisor of 138 and 6?
6
Calculate the highest common divisor of 23 and 759.
23
Calculate the greatest common factor of 12582 and 233.
233
Calculate the highest common factor of 103 and 43363.
103
Calculate the highest common factor of 198 and 50391.
99
What is the greatest common divisor of 80 and 10?
10
What is the highest common divisor of 40 and 1990?
10
Calculate the greatest common factor of 3 and 4143.
3
What is the greatest common divisor of 76 and 1900?
76
What is the greatest common factor of 175 and 800?
25
What is the greatest common factor of 278 and 695?
139
Calculate the greatest common factor of 66 and 1430.
22
Calculate the greatest common divisor of 90 and 210.
30
Calculate the highest common divisor of 75281 and 83.
83
What is the greatest common factor of 51 and 527?
17
What is the greatest common divisor of 1500 and 60?
60
What is the highest common factor of 5 and 365?
5
What is the greatest common divisor of 345 and 5727?
69
Calculate the greatest common divisor of 1430 and 40.
10
Calculate the highest common factor of 42 and 9688.
14
Calculate the greatest common divisor of 1938 and 456.
114
Calculate the highest common factor of 14 and 1428.
14
Calculate the highest common factor of 8 and 392.
8
Calculate the greatest common factor of 18 and 158.
2
Calculate the highest common factor of 5254 and 142.
142
What is the greatest common factor of 13 and 13?
13
What is the highest common divisor of 22237 and 37?
37
Calculate the greatest common divisor of 310 and 558.
62
What is the greatest common factor of 14 and 119?
7
What is the highest common divisor of 45 and 55?
5
Calculate the greatest common divisor of 272 and 170.
34
What is the greatest common factor of 494 and 38?
38
Calculate the highest common factor of 301 and 43.
43
What is the greatest common factor of 3407 and 1?
1
Calculate the greatest common divisor of 272 and 64.
16
What is the greatest common divisor of 240 and 3000?
120
What is the highest common factor of 84 and 4641?
21
What is the highest common divisor of 13 and 2561?
13
Calculate the highest common factor of 442 and 156.
26
What is the highest common factor of 5320 and 210?
70
What is the greatest common factor of 4 and 236?
4
What is the highest common factor of 784 and 224?
112
What is the highest common divisor of 1102 and 58?
58
What